 - 4. Let j be u(-4). Let y = -3 - -8. Suppose j = -o - 3*m - 2, 2*m = 1 - y. What is the remainder when o is divided by 2?
0
Suppose 68 = -3*g + 20. Let f = 53 - g. Calculate the remainder when f is divided by 14.
13
Let f = -115 - -51. Let c be f/24 - 2/6. What is the remainder when 36 + (-4)/6*c is divided by 13?
12
Suppose 0 = 5*m + 5, 3*k = 2*m + 1 + 1. Suppose k = -f + 32 - 5. Suppose -f = -3*p + 2*p. Calculate the remainder when p is divided by 14.
13
Suppose -3*j + 4 = p, 5*j + 4*p = 3*p + 8. Calculate the remainder when 2 is divided by j.
0
Calculate the remainder when 14 is divided by ((-12)/(-8))/(9/24).
2
Suppose -3 - 1 = -2*j. Suppose -2*n = z - 11, n + 28 = j*z + 2*n. What is the remainder when 15 is divided by 20*2/z*3?
7
Let o = 27 + -8. Suppose r = -4*r + 35. Suppose -2*c = -3*c + r. What is the remainder when o is divided by c?
5
Suppose -4 = 2*y - 3*y. Calculate the remainder when y is divided by 3.
1
Suppose -3*x - 9 = -o, -2*o - 3*o = 0. Let a be (0 - -2) + 6/x. Suppose 4*q - 9 - 3 = a. What is the remainder when 7 is divided by q?
1
Let c be (-6)/(-4)*(-3 - 27). Calculate the remainder when 17 is divided by (1/3)/((-3)/c).
2
Let q(l) = 2*l - 1. Let z be q(-5). Let u be 2/4*(-3 - -1). Calculate the remainder when 24 is divided by (z - 2/1)/u.
11
Calculate the remainder when (8/(-12))/((-1)/57) is divided by 21.
17
Suppose -3*t + 2*l + 225 = -125, -5*t = 5*l - 575. Calculate the remainder when t is divided by 40.
36
Let y(z) = 6*z + 7. Let a(j) = -j**3 + 7*j**2 - 8*j - 6. Let o be a(6). Let b = o - -27. Calculate the remainder when y(3) is divided by b.
7
Let u(c) = -5*c + 9. Let x be u(6). Let j be ((-38)/4 - 0)*-4. Let v = x + j. Calculate the remainder when 49 is divided by v.
15
Let k be 60/27 + (-6)/27. Suppose 0 = k*c + 2*c - 128. What is the remainder when c is divided by 11?
10
Suppose -5 = -2*h + 5. What is the remainder when 19 is divided by h?
4
Suppose 0 = 4*y - 9*y - 5. Suppose -5*i + 4*i = -n + 13, -3*i = 2*n - 31. Calculate the remainder when ((-26)/(-6))/(y/(-6)) is divided by n.
12
Suppose -u - 1 - 1 = q, -3*q = -5*u - 26. Let i = 11 - 6. Suppose 3*v + g = 8 + 1, -i*g = -3*v - 9. Calculate the remainder when q is divided by v.
0
Suppose -3*t = -4*o + 17, 4*t - o - 2*o + 25 = 0. What is the remainder when t/21 + (-85)/(-3) is divided by 10?
8
Suppose 0 = -0*n - 3*n + 12. Let d = 15 - n. Calculate the remainder when 19 is divided by d.
8
Let l = 107 - 55. Suppose -l = -3*s - s. Let c = s + 1. What is the remainder when c is divided by 5?
4
Suppose 0 = -3*j - 2*j. Suppose -5*u = -4*l + 74, j = -5*l + u - 6*u + 70. What is the remainder when 47 is divided by l?
15
What is the remainder when (-9)/27 - (-2 + 694/(-3)) is divided by 13?
12
Let c = -4 + 40. Suppose -c = -y - 3*y. Calculate the remainder when 16 is divided by y.
7
Suppose 2*m + 45 = 3*p, -2*m = -7*m - 2*p - 122. Let q = 3 + -1. What is the remainder when q/(-3)*1*m is divided by 9?
7
Suppose -3*k + 2*d = -k + 26, -2*k - d = 35. Let i = k - -28. What is the remainder when i is divided by 7?
5
Suppose -3*c + 8 = -2*h - 0*h, h = -c - 4. Let b(j) = 1. Let w(t) = -t**2 + t - 20. Let r(v) = -b(v) - w(v). Calculate the remainder when r(c) is divided by 10.
9
Calculate the remainder when (-1)/(-2)*2 + 15 is divided by (-54)/(-4)*(-8)/(-12).
7
Let f(i) = 2*i**3 - 5*i**2 + 7. What is the remainder when 47 is divided by f(3)?
15
Let c = 79 + -36. Calculate the remainder when c is divided by 23.
20
Suppose 95 = -4*r + 35. Let n = 24 + r. Calculate the remainder when 26 is divided by n.
8
Let g(r) = r**3 - 7*r**2 + 2*r - 11. Let w = -5 + 8. What is the remainder when g(7) is divided by (2/(-3))/((-1)/w)?
1
Let k(l) = l**3 + 17*l**2 - l - 6. What is the remainder when 30 is divided by k(-17)?
8
Let f(w) = w - 6. Let c be f(9). Let z(k) = 23*k + 1. Let u be z(c). Suppose -u = -5*o + 20. Calculate the remainder when o is divided by 10.
8
Suppose -4*c + 2*c = -32. Calculate the remainder when 31 is divided by c.
15
Let a = 43 + -63. Let h = a - -6. Calculate the remainder when 62 is divided by 2/7 + (-220)/h.
14
Let r = -4 - -31. What is the remainder when 52 is divided by r?
25
Let n(h) = 3*h - 3. Let b be n(2). Let a be (-1 + 0)/1 + 3. Suppose -a*c + b*c - 6 = 0. Calculate the remainder when 11 is divided by c.
5
Suppose 0 = -j + 2*j - 2*z + 2, j = -z + 7. Calculate the remainder when 12 is divided by j.
0
What is the remainder when 31 is divided by 1 - -2 - (-5 - (-6 - -15))?
14
Suppose -2*z - g + 0*g - 23 = 0, 4*g + 2 = z. What is the remainder when 40 is divided by 134/10 - 6/z?
12
Calculate the remainder when 67 is divided by (-3 - (-88)/5) + 6/(-10).
11
Let n be -2 + (-561)/(3/(-1)). Suppose 4*z + z - n = 0. Calculate the remainder when z is divided by 20.
17
Let d be -1 + (1 + 0 - -12). What is the remainder when 4 + 4/(-2) + 9 is divided by (d/(-10))/((-1)/5)?
5
Let p(j) = -j**3 - 4*j**2 - 4*j + 6. Let r be p(-5). Let f = r + -8. Calculate the remainder when f is divided by 15.
13
Let r be (-2)/((-2)/3) + (-5 - 1). Suppose 0 = o - 0*o + 16. Let p = r - o. What is the remainder when 37 is divided by p?
11
Suppose c - 33 - 20 = 0. What is the remainder when c is divided by 15?
8
Let d = 2 - -3. Suppose 0 = -8*h + d*h + 6. Suppose -b + h*b = 15. What is the remainder when 42 is divided by b?
12
Let j(d) = -6*d - 6. What is the remainder when 15/2*(-14)/(-3) is divided by j(-3)?
11
Let x = -3 - -5. Let q(f) = -f**3 + 4*f**2 - f + 1. Calculate the remainder when 18 is divided by q(x).
4
Suppose -75*c = -80*c + 140. What is the remainder when c is divided by (-2)/7 - 72/(-7)?
8
Let w(x) = x**3 - x + 23. Let l be w(0). Let o be (2 + -1*8)/2. Let j = l + o. What is the remainder when 38 is divided by j?
18
Calculate the remainder when 10 is divided by -2 + -2 + 6 + 2.
2
Let g be 99/(-22) + (-2)/(-4). Suppose -i - 2 = i, -5*x + i - 74 = 0. Let w = g - x. What is the remainder when 32 is divided by w?
10
Suppose x + 3*x = 3*g + 13, 3*g = -3*x + 36. Suppose -4*b = -x*b - l + 83, 2*b - 5*l - 78 = 0. What is the remainder when 84 is divided by b?
26
Suppose 3*s - 2*x = 29, 5*s = -2*x - 0*x + 59. Let i = 50 + -30. What is the remainder when i is divided by s?
9
Suppose -4*r - 2*z - z + 212 = 0, 3*z = -12. Calculate the remainder when r is divided by 10.
6
Let o = -17 + 37. Suppose -44 = 7*c - 11*c. What is the remainder when o is divided by c?
9
Let b(z) = z**3 - 2*z**2 - 2*z + 3. Calculate the remainder when 8 is divided by b(3).
2
Suppose 2*f + 5*n - 12 = 0, 2*f + 4*n + 2 - 16 = 0. Calculate the remainder when 41 is divided by f.
8
Calculate the remainder when 57 is divided by ((-9)/(-4))/((-18)/(-96)).
9
Let u(c) = -c**3 - 7*c**2 - 2*c + 6. Let g = -125 + 203. What is the remainder when g is divided by u(-7)?
18
Let a(b) = 9*b**2 - 1 + 2*b**2 + 3*b**2. Let u(y) = -y**3 + 3*y**2 + 3*y + 3. Let p be u(4). Calculate the remainder when a(p) is divided by 4.
1
Let o(w) = w + 49. Let t be o(0). Let d = -29 + t. Calculate the remainder when d is divided by 11.
9
Suppose 0*i + 4 = 2*i. Suppose x - 2*x + 3*v - 9 = 0, -7 = -5*x + 2*v. What is the remainder when x is divided by i?
1
Suppose 10*m - 35 = 5*m. Suppose -4 + m = x. Calculate the remainder when 8 is divided by x.
2
Suppose 0 = 5*t + 5*j - 40, -t + 9 + 7 = 3*j. Suppose -3*n = 6, -t*g = 3*n - 2*n - 58. What is the remainder when 58 is divided by g?
13
Let j(p) = 8*p + 3. Let c be j(7). Suppose -3*x = -2*o - 2 + c, -5*o = -x - 149. What is the remainder when o is divided by 16?
14
Suppose 4*o - 2*o + 15 = 5*f, -5*o + 50 = 5*f. Let w(z) = -z + 2 + f*z + z - 4*z. Calculate the remainder when 30 is divided by w(6).
6
Let w = 2 + 8. What is the remainder when 34 is divided by w?
4
Let b(n) = -n**3 - 11*n**2 - 10*n - 6. Let z be b(-10). Calculate the remainder when (z - 8)*(-18)/4 is divided by 13.
11
Let b = 6 - 4. Suppose 0 = -3*u + 12, 3*s - 10 = b*u. What is the remainder when 10 is divided by s?
4
Suppose 4*r = 2*b - 126, -2*r = b - r - 48. What is the remainder when b is divided by 4?
1
Let b = -104 - -239. Suppose 0 = 4*v + v - b. What is the remainder when v is divided by 14?
13
Let o(z) be the first derivative of -z**3/6 + 8*z**2 + z + 2. Let v(d) be the first derivative of o(d). Calculate the remainder when 46 